{"id":636,"date":"2016-05-30T17:58:09","date_gmt":"2016-05-30T16:58:09","guid":{"rendered":"http:\/\/mcbourguignon.fr\/?page_id=636"},"modified":"2016-06-01T10:18:46","modified_gmt":"2016-06-01T09:18:46","slug":"636-2","status":"publish","type":"page","link":"https:\/\/mcbourguignon.fr\/?page_id=636","title":{"rendered":"M\u00e9diterran\u00e9e"},"content":{"rendered":"<div id=\"attachment_637\" style=\"width: 710px\" class=\"wp-caption aligncenter\"><a href=\"http:\/\/mcbourguignon.fr\/wp-content\/uploads\/2016\/05\/mediterr_jpg.jpg\" rel=\"attachment wp-att-637\"><img loading=\"lazy\" decoding=\"async\" aria-describedby=\"caption-attachment-637\" class=\"size-medium wp-image-637\" src=\"http:\/\/mcbourguignon.fr\/wp-content\/uploads\/2016\/05\/mediterr_jpg-300x246.jpg\" alt=\"M\u00e9dit\u00e9rran\u00e9e-08\/1990- Peinture acrylique sur toile-Dim: 1,30 x 1,62 m\" width=\"700\" height=\"574\" srcset=\"https:\/\/mcbourguignon.fr\/wp-content\/uploads\/2016\/05\/mediterr_jpg-300x246.jpg 300w, https:\/\/mcbourguignon.fr\/wp-content\/uploads\/2016\/05\/mediterr_jpg.jpg 655w\" sizes=\"auto, (max-width: 700px) 100vw, 700px\" \/><\/a><p id=\"caption-attachment-637\" class=\"wp-caption-text\">M\u00e9dit\u00e9rran\u00e9e &#8211; 08\/1990 &#8211; Peinture acrylique sur toile &#8211; Dim: 1,30 x 1,62 m<\/p><\/div>\n","protected":false},"excerpt":{"rendered":"","protected":false},"author":1,"featured_media":0,"parent":0,"menu_order":0,"comment_status":"closed","ping_status":"closed","template":"","meta":{"footnotes":""},"class_list":["post-636","page","type-page","status-publish","hentry"],"_links":{"self":[{"href":"https:\/\/mcbourguignon.fr\/index.php?rest_route=\/wp\/v2\/pages\/636","targetHints":{"allow":["GET"]}}],"collection":[{"href":"https:\/\/mcbourguignon.fr\/index.php?rest_route=\/wp\/v2\/pages"}],"about":[{"href":"https:\/\/mcbourguignon.fr\/index.php?rest_route=\/wp\/v2\/types\/page"}],"author":[{"embeddable":true,"href":"https:\/\/mcbourguignon.fr\/index.php?rest_route=\/wp\/v2\/users\/1"}],"replies":[{"embeddable":true,"href":"https:\/\/mcbourguignon.fr\/index.php?rest_route=%2Fwp%2Fv2%2Fcomments&post=636"}],"version-history":[{"count":5,"href":"https:\/\/mcbourguignon.fr\/index.php?rest_route=\/wp\/v2\/pages\/636\/revisions"}],"predecessor-version":[{"id":678,"href":"https:\/\/mcbourguignon.fr\/index.php?rest_route=\/wp\/v2\/pages\/636\/revisions\/678"}],"wp:attachment":[{"href":"https:\/\/mcbourguignon.fr\/index.php?rest_route=%2Fwp%2Fv2%2Fmedia&parent=636"}],"curies":[{"name":"wp","href":"https:\/\/api.w.org\/{rel}","templated":true}]}}